{"id":800,"date":"2021-04-06T13:52:46","date_gmt":"2021-04-06T13:52:46","guid":{"rendered":"https:\/\/www.eamau.org\/?page_id=800"},"modified":"2021-10-29T09:59:57","modified_gmt":"2021-10-29T09:59:57","slug":"la-bibliotheque-michel-coquery","status":"publish","type":"page","link":"https:\/\/www.eamau.org\/?page_id=800","title":{"rendered":"La Biblioth\u00e8que"},"content":{"rendered":"\n<div class=\"wp-block-cover has-background-dim\"><img loading=\"lazy\" decoding=\"async\" width=\"1500\" height=\"2000\" class=\"wp-block-cover__image-background wp-image-1068\" alt=\"\" src=\"https:\/\/www.eamau.org\/wp-content\/uploads\/2021\/04\/eamau-bibli.jpg\" style=\"object-position:60% 16%\" data-object-fit=\"cover\" data-object-position=\"60% 16%\" srcset=\"https:\/\/www.eamau.org\/wp-content\/uploads\/2021\/04\/eamau-bibli.jpg 1500w, https:\/\/www.eamau.org\/wp-content\/uploads\/2021\/04\/eamau-bibli-225x300.jpg 225w, https:\/\/www.eamau.org\/wp-content\/uploads\/2021\/04\/eamau-bibli-768x1024.jpg 768w, https:\/\/www.eamau.org\/wp-content\/uploads\/2021\/04\/eamau-bibli-1152x1536.jpg 1152w\" sizes=\"auto, (max-width: 1500px) 100vw, 1500px\" \/><div class=\"wp-block-cover__inner-container is-layout-flow wp-block-cover-is-layout-flow\">\n<p class=\"has-text-align-center has-large-font-size\">La Biblioth\u00e8que Michel COQUERY<\/p>\n\n\n\n<hr class=\"wp-block-separator has-text-color has-background has-white-background-color has-white-color\"\/>\n\n\n\n<div class=\"wp-block-columns is-layout-flex wp-container-core-columns-is-layout-9d6595d7 wp-block-columns-is-layout-flex\">\n<div class=\"wp-block-column is-layout-flow wp-block-column-is-layout-flow\" style=\"flex-basis:15%\"><\/div>\n\n\n\n<div class=\"wp-block-column is-layout-flow wp-block-column-is-layout-flow\" style=\"flex-basis:70%\">\n<p>Cr\u00e9\u00e9e en 1976, la BMC occupe 80 m<sup>2<\/sup>au Rez-de-chauss\u00e9e du bloc p\u00e9dagogique et offre une dizaine de places de lectures. La BMC h\u00e9rite son nom en hommage d\u2019un coop\u00e9rant d\u2019origine fran\u00e7aise&nbsp;<em><strong>Michel Coquery(sa biographie)<\/strong>.<\/em><\/p>\n\n\n\n<p>Elle est ouverte du Lundi au Vendredi de&nbsp;<strong>9h \u00e0 19h<\/strong>, et le samedi de&nbsp;<strong>10h \u00e0 14h<\/strong>, sauf les jours f\u00e9ri\u00e9s. Les horaires sont modifi\u00e9s pendant les vacances scolaires, prendre contact avec la BMC au&nbsp;0<strong>0228 22 36 28 55<\/strong>&nbsp;dans ce cas.<\/p>\n\n\n\n<p>Lien inscription en ligne pour la biblioth\u00e8que virtuelle&nbsp;(r\u00e9serv\u00e9 exclusivement aux \u00e9tudiants de l\u2019EAMAU)<\/p>\n<\/div>\n\n\n\n<div class=\"wp-block-column is-layout-flow wp-block-column-is-layout-flow\" style=\"flex-basis:15%\"><\/div>\n<\/div>\n<\/div><\/div>\n\n\n\n<div style=\"height:20px\" aria-hidden=\"true\" class=\"wp-block-spacer\"><\/div>\n\n\n\n<h5 class=\"wp-block-heading\">Offre Documentaire<\/h5>\n\n\n\n<p>Le r\u00f4le premier de la biblioth\u00e8que est d\u2019accompagner et de soutenir les activit\u00e9s d\u2019enseignement et de recherche. Elle identifie, acquiert et rend accessibles les ressources documentaires indispensables aux \u00e9tudiants, aux enseignants et aux chercheurs. Nous avons \u00e9galement pour mission de former \u00e0 l\u2019utilisation de ces ressources.<\/p>\n\n\n\n<p>Gardienne de la m\u00e9moire et du patrimoine documentaire de l\u2019\u00e9tablissement, la biblioth\u00e8que occupe une place centrale dans la vie sociale et culturelle de ce dernier, en \u00e9tant non seulement un lieu de travail, d\u2019\u00e9tude et de recherche, mais aussi de convivialit\u00e9.<\/p>\n\n\n\n<p>La biblioth\u00e8que dispose d\u2019environ 4 775 ouvrages dont2 800 sont enregistr\u00e9s dans la base de donn\u00e9es. Il existe 679 documents en architectures, 1400 en urbanisme, 300 en G\u00e9nie civil, 391 sur l\u2019habitat et divers autres documents qui traitent de l\u2019Environnement, de l\u2019Assainissement, du d\u00e9veloppement \u00e9conomique et social, de la construction, des transports etc.<\/p>\n\n\n\n<h5 class=\"wp-block-heading\">Les enjeux actuels<\/h5>\n\n\n\n<p>Dans un contexte du syst\u00e8me LMD, la biblioth\u00e8que est le vecteur de l\u2019acc\u00e8s \u00e0 l\u2019information scientifique, crit\u00e8re premier de la comp\u00e9titivit\u00e9 internationale des universit\u00e9s. Face \u00e0 la concurrence internationale accrue, elle est un \u00e9l\u00e9ment constitutif de l\u2019identit\u00e9 et de l\u2019image de l\u2019\u00e9tablissement, notamment aupr\u00e8s des \u00e9tudiants et enseignants-chercheurs \u00e9trangers.<br>Le d\u00e9veloppement et la modernisation de la biblioth\u00e8que d\u2019enseignement et de recherche repr\u00e9sentent donc un enjeu strat\u00e9gique.<br>Dans cette perspective, nous avons orient\u00e9 nos actions particuli\u00e8rement sur les axes suivants :<\/p>\n\n\n\n<ul class=\"wp-block-list\"><li>La Facilitation de l\u2019acc\u00e8s \u00e0 l\u2019information, par l\u2019extension des horaires d\u2019ouverture, le d\u00e9veloppement du libre acc\u00e8s et de la recherche \u00e0 distance des ouvrages<\/li><li>Le d\u00e9veloppement des ressources num\u00e9riques (manuels p\u00e9dagogiques ; revues scientifiques ; bases de donn\u00e9es ; documents num\u00e9ris\u00e9s)<\/li><li>La diffusion de la production p\u00e9dagogique et scientifique de l\u2019\u00e9cole (th\u00e8ses, publications scientifiques, ressources p\u00e9dagogiques, etc.)<\/li><li>La formation (ce que nous allons entreprendre sous peu) des \u00e9tudiants et des enseignants \u00e0 la recherche et \u00e0 l\u2019exploitation de l\u2019information documentaire<\/li><li>La cr\u00e9ation de partenariat avec d\u2019autres biblioth\u00e8ques universitaires notamment celle de l\u2019universit\u00e9 de Lom\u00e9 o\u00f9 la pr\u00e9sentation de la carte de la biblioth\u00e8que de l\u2019EAMAU donne droit \u00e0 l\u2019acc\u00e8s aux ressources de la biblioth\u00e8que avec \u00e9changes de documents entre nos deux biblioth\u00e8ques.<\/li><\/ul>\n\n\n\n<h5 class=\"wp-block-heading\">Fonds documentaires;<\/h5>\n\n\n\n<p>La Biblioth\u00e8que contient environ:<\/p>\n\n\n\n<ul class=\"wp-block-list\"><li>10 000 Ouvrages class\u00e9s par domaine<\/li><li>40 titres de p\u00e9riodiques, dont 29 abonnements en cours<\/li><li>Les m\u00e9moires et th\u00e8ses soutenus \u00e0 l\u2019EAMAU et ailleurs<\/li><li>Des publications d\u2019autres institutions<\/li><\/ul>\n\n\n\n<p>La biblioth\u00e8que offre des ressources documentaires dans les domaines de l\u2019architecture, de l\u2019urbanisme, de l\u2019art, de l\u2019habitat, de l\u2019environnement, de l\u2019assainissement, du d\u00e9veloppement \u00e9conomique et social, de la construction, du g\u00e9nie civil, des transports etc. et des informations sur les villes africaines. Le fonds est toujours en cours d\u2019informatisation.<\/p>\n\n\n\n<p>Les Bases de donn\u00e9es:<\/p>\n\n\n\n<ul class=\"wp-block-list\"><li><strong>Biblio<\/strong>: fonds documentaire de la biblioth\u00e8que.<\/li><li><strong>ARCHI<\/strong>: 2000 r\u00e9f\u00e9rences dans le domaine de l\u2019architecture<\/li><li><strong>URBA<\/strong>: 4000 r\u00e9f\u00e9rences de documents, dans le domaine de l\u2019urbanisme<\/li><li>Fonds de la biblioth\u00e8que (romans et CD): donne des informations sur les romans de la biblioth\u00e8que et donne acc\u00e8s au catalogue des CD disponibles.<\/li><li>bibliographies th\u00e9matiques: elles r\u00e9pertorient des ouvrages de la biblioth\u00e8que par th\u00e8me<\/li><li>P\u00e9riodiques: inventaire des revues (abonnements clos et en cours) par titre, ann\u00e9e et par num\u00e9ros<\/li><li>M\u00e9moires de fin d\u2019\u00e9tudes: inventaire des m\u00e9moires de fin de cycle, class\u00e9s par ordre alphab\u00e9tique.<\/li><\/ul>\n\n\n\n<h5 class=\"wp-block-heading\">Conditions d\u2019acc\u00e8s<\/h5>\n\n\n\n<p>La BMC est ouvert au public en consultation sur pr\u00e9sentation d\u2019une&nbsp;<em><strong>pi\u00e8ce d\u2019identit\u00e9&nbsp;<\/strong><\/em>(Carte d\u2019identit\u00e9, Carte de biblioth\u00e8que ou Passeport). Les pr\u00eats sont<em><strong>&nbsp;exclusivement r\u00e9serv\u00e9s aux \u00e9tudiants, enseignants et personnel de l\u2019EAMAU.<\/strong><\/em><\/p>\n\n\n\n<p>N\u00e9anmoins, la BMC est en partenariat avec l\u2019Universit\u00e9 de Lom\u00e9 (UL), ce qui permet aux \u00e9tudiants de l\u2019UL de faire des pr\u00eats chez nous \u00e0 travers le pr\u00eat entre biblioth\u00e8que et vice versa. Les pr\u00eats sont octroy\u00e9s aux \u00e9tudiants ayant pay\u00e9 une caution de 5000 frs CFA \u00e0 la comptabilit\u00e9 de l\u2019\u00e9cole. Ceux-ci peuvent emprunter deux (2) documents pour une dur\u00e9e de deux (2) semaines renouvelables.<\/p>\n\n\n\n<h5 class=\"wp-block-heading\">Inscription \u00e0 la Biblioth\u00e8que<\/h5>\n\n\n\n<div class=\"wp-block-columns is-layout-flex wp-container-core-columns-is-layout-9d6595d7 wp-block-columns-is-layout-flex\">\n<div class=\"wp-block-column is-layout-flow wp-block-column-is-layout-flow\">\n<div class=\"wp-block-contact-form-7-contact-form-selector\">\n<div class=\"wpcf7 no-js\" id=\"wpcf7-f1194-o1\" lang=\"fr-FR\" dir=\"ltr\" data-wpcf7-id=\"1194\">\n<div class=\"screen-reader-response\"><p role=\"status\" aria-live=\"polite\" aria-atomic=\"true\"><\/p> <ul><\/ul><\/div>\n<form action=\"\/index.php?rest_route=%2Fwp%2Fv2%2Fpages%2F800#wpcf7-f1194-o1\" method=\"post\" class=\"wpcf7-form init\" aria-label=\"Formulaire de contact\" enctype=\"multipart\/form-data\" novalidate=\"novalidate\" data-status=\"init\">\n<fieldset class=\"hidden-fields-container\"><input type=\"hidden\" name=\"_wpcf7\" value=\"1194\" \/><input type=\"hidden\" name=\"_wpcf7_version\" value=\"6.1.5\" \/><input type=\"hidden\" name=\"_wpcf7_locale\" value=\"fr_FR\" \/><input type=\"hidden\" name=\"_wpcf7_unit_tag\" value=\"wpcf7-f1194-o1\" \/><input type=\"hidden\" name=\"_wpcf7_container_post\" value=\"0\" \/><input type=\"hidden\" name=\"_wpcf7_posted_data_hash\" value=\"\" \/>\n<\/fieldset>\n<p><label> Votre nom (obligatoire)<br \/>\n<span class=\"wpcf7-form-control-wrap\" data-name=\"your-name\"><input size=\"40\" maxlength=\"400\" class=\"wpcf7-form-control wpcf7-text wpcf7-validates-as-required\" aria-required=\"true\" aria-invalid=\"false\" value=\"\" type=\"text\" name=\"your-name\" \/><\/span> <\/label>\n<\/p>\n<p><label> Votre e-mail (obligatoire)<br \/>\n<span class=\"wpcf7-form-control-wrap\" data-name=\"your-email\"><input size=\"40\" maxlength=\"400\" class=\"wpcf7-form-control wpcf7-email wpcf7-validates-as-required wpcf7-text wpcf7-validates-as-email\" aria-required=\"true\" aria-invalid=\"false\" value=\"\" type=\"email\" name=\"your-email\" \/><\/span> <\/label>\n<\/p>\n<p><label> Votre num\u00e9ro de t\u00e9l\u00e9phone (obligatoire)<br \/>\n<span class=\"wpcf7-form-control-wrap\" data-name=\"tel-713\"><input size=\"40\" maxlength=\"400\" class=\"wpcf7-form-control wpcf7-tel wpcf7-validates-as-required wpcf7-text wpcf7-validates-as-tel\" aria-required=\"true\" aria-invalid=\"false\" value=\"\" type=\"tel\" name=\"tel-713\" \/><\/span> <\/label>\n<\/p>\n<p><label> Objet (obligatoire)<br \/>\n<span class=\"wpcf7-form-control-wrap\" data-name=\"your-subject\"><input size=\"40\" maxlength=\"400\" class=\"wpcf7-form-control wpcf7-text wpcf7-validates-as-required\" aria-required=\"true\" aria-invalid=\"false\" value=\"\" type=\"text\" name=\"your-subject\" \/><\/span> <\/label>\n<\/p>\n<p><label> Votre message<br \/>\n<span class=\"wpcf7-form-control-wrap\" data-name=\"your-message\"><textarea cols=\"40\" rows=\"10\" maxlength=\"2000\" class=\"wpcf7-form-control wpcf7-textarea\" aria-invalid=\"false\" name=\"your-message\"><\/textarea><\/span> <\/label>\n<\/p>\n<p><label> Votre photo d'identit\u00e9 (obligatoire)<br \/>\n<span class=\"wpcf7-form-control-wrap\" data-name=\"file-119\"><input size=\"40\" class=\"wpcf7-form-control wpcf7-file wpcf7-validates-as-required\" accept=\".jpg,.png\" aria-required=\"true\" aria-invalid=\"false\" type=\"file\" name=\"file-119\" \/><\/span> <\/label>\n<\/p>\n<p><label> N\u00b0 Matricule (obligatoire)<br \/>\n<span class=\"wpcf7-form-control-wrap\" data-name=\"number-831\"><input class=\"wpcf7-form-control wpcf7-number wpcf7-validates-as-required wpcf7-validates-as-number\" aria-required=\"true\" aria-invalid=\"false\" value=\"\" type=\"number\" name=\"number-831\" \/><\/span><\/label>\n<\/p>\n<p><label>Veuillez r\u00e9pondre \u00e0 la question pos\u00e9e (tout en minuscule)<br \/>\n<span class=\"wpcf7-form-control-wrap\" data-name=\"quiz-501\"><label><span class=\"wpcf7-quiz-label\">Quel est la capitale du b\u00e9nin?<\/span> <input size=\"40\" class=\"wpcf7-form-control wpcf7-quiz\" autocomplete=\"off\" aria-required=\"true\" aria-invalid=\"false\" type=\"text\" name=\"quiz-501\" \/><\/label><input type=\"hidden\" name=\"_wpcf7_quiz_answer_quiz-501\" value=\"364fa9113b4bdf43001ba3db4d2e0b5a\" \/><\/span><br \/>\n<\/label>\n<\/p>\n<p><input class=\"wpcf7-form-control wpcf7-submit has-spinner\" type=\"submit\" value=\"Envoyer\" \/>\n<\/p><div class=\"wpcf7-response-output\" aria-hidden=\"true\"><\/div>\n<\/form>\n<\/div>\n<\/div>\n\n\n\n<figure class=\"wp-block-table\"><table><tbody><tr><td><strong><a href=\"http:\/\/eamauinscriptions.africbus.com\/login\"><span class=\"has-inline-color has-vivid-red-color\">Inscription \u00e0 la biblioth\u00e8que en ligne<\/span><\/a><\/strong><\/td><\/tr><\/tbody><\/table><\/figure>\n<\/div>\n\n\n\n<div class=\"wp-block-column is-layout-flow wp-block-column-is-layout-flow\">\n<figure class=\"wp-block-image size-large\"><img loading=\"lazy\" decoding=\"async\" width=\"768\" height=\"1024\" src=\"https:\/\/www.eamau.org\/wp-content\/uploads\/2021\/04\/eamau-bibli-768x1024.jpg\" alt=\"\" class=\"wp-image-1068\" srcset=\"https:\/\/www.eamau.org\/wp-content\/uploads\/2021\/04\/eamau-bibli-768x1024.jpg 768w, https:\/\/www.eamau.org\/wp-content\/uploads\/2021\/04\/eamau-bibli-225x300.jpg 225w, https:\/\/www.eamau.org\/wp-content\/uploads\/2021\/04\/eamau-bibli-1152x1536.jpg 1152w, https:\/\/www.eamau.org\/wp-content\/uploads\/2021\/04\/eamau-bibli.jpg 1500w\" sizes=\"auto, (max-width: 768px) 100vw, 768px\" \/><\/figure>\n<\/div>\n<\/div>\n","protected":false},"excerpt":{"rendered":"<p>Offre Documentaire Le r\u00f4le premier de la biblioth\u00e8que est d\u2019accompagner et de soutenir les activit\u00e9s d\u2019enseignement et de recherche. Elle identifie, acquiert et rend accessibles les ressources documentaires indispensables aux \u00e9tudiants, aux enseignants et aux chercheurs. Nous avons \u00e9galement pour mission de former \u00e0 l\u2019utilisation de ces ressources. Gardienne de la m\u00e9moire et du patrimoine<\/p>\n","protected":false},"author":1,"featured_media":0,"parent":0,"menu_order":0,"comment_status":"closed","ping_status":"closed","template":"","meta":{"ngg_post_thumbnail":0,"footnotes":""},"class_list":["post-800","page","type-page","status-publish","hentry"],"_links":{"self":[{"href":"https:\/\/www.eamau.org\/index.php?rest_route=\/wp\/v2\/pages\/800","targetHints":{"allow":["GET"]}}],"collection":[{"href":"https:\/\/www.eamau.org\/index.php?rest_route=\/wp\/v2\/pages"}],"about":[{"href":"https:\/\/www.eamau.org\/index.php?rest_route=\/wp\/v2\/types\/page"}],"author":[{"embeddable":true,"href":"https:\/\/www.eamau.org\/index.php?rest_route=\/wp\/v2\/users\/1"}],"replies":[{"embeddable":true,"href":"https:\/\/www.eamau.org\/index.php?rest_route=%2Fwp%2Fv2%2Fcomments&post=800"}],"version-history":[{"count":22,"href":"https:\/\/www.eamau.org\/index.php?rest_route=\/wp\/v2\/pages\/800\/revisions"}],"predecessor-version":[{"id":2050,"href":"https:\/\/www.eamau.org\/index.php?rest_route=\/wp\/v2\/pages\/800\/revisions\/2050"}],"wp:attachment":[{"href":"https:\/\/www.eamau.org\/index.php?rest_route=%2Fwp%2Fv2%2Fmedia&parent=800"}],"curies":[{"name":"wp","href":"https:\/\/api.w.org\/{rel}","templated":true}]}}