{"id":64,"date":"2021-03-06T16:26:32","date_gmt":"2021-03-06T16:26:32","guid":{"rendered":"https:\/\/www.eamau.org\/?page_id=64"},"modified":"2021-03-06T17:31:30","modified_gmt":"2021-03-06T17:31:30","slug":"inscription-admission","status":"publish","type":"page","link":"https:\/\/www.eamau.org\/?page_id=64","title":{"rendered":"Inscription \/ Admission"},"content":{"rendered":"\n<p>Choisissez l&rsquo;une des plus prestigieuses \u00e9coles d&rsquo;architecture en Afrique : l&rsquo;\u00c9cole Africaine des M\u00e9tiers de l&rsquo;Architecture et de l&rsquo;Urbanisme (EAMAU).<\/p>\n\n\n\n<p>Les inscriptions se font en ligne et sont obligatoires. Alors que les admissions se font sur concours d&rsquo;entr\u00e9e \u00e0 l&rsquo;\u00c9cole.<\/p>\n","protected":false},"excerpt":{"rendered":"<p>Choisissez l&rsquo;une des plus prestigieuses \u00e9coles d&rsquo;architecture en Afrique : l&rsquo;\u00c9cole Africaine des M\u00e9tiers de l&rsquo;Architecture et de l&rsquo;Urbanisme (EAMAU). Les inscriptions se font en ligne et sont obligatoires. Alors que les admissions se font sur concours d&rsquo;entr\u00e9e \u00e0 l&rsquo;\u00c9cole.<\/p>\n","protected":false},"author":1,"featured_media":0,"parent":0,"menu_order":0,"comment_status":"closed","ping_status":"closed","template":"","meta":{"ngg_post_thumbnail":0,"footnotes":""},"class_list":["post-64","page","type-page","status-publish","hentry"],"_links":{"self":[{"href":"https:\/\/www.eamau.org\/index.php?rest_route=\/wp\/v2\/pages\/64","targetHints":{"allow":["GET"]}}],"collection":[{"href":"https:\/\/www.eamau.org\/index.php?rest_route=\/wp\/v2\/pages"}],"about":[{"href":"https:\/\/www.eamau.org\/index.php?rest_route=\/wp\/v2\/types\/page"}],"author":[{"embeddable":true,"href":"https:\/\/www.eamau.org\/index.php?rest_route=\/wp\/v2\/users\/1"}],"replies":[{"embeddable":true,"href":"https:\/\/www.eamau.org\/index.php?rest_route=%2Fwp%2Fv2%2Fcomments&post=64"}],"version-history":[{"count":9,"href":"https:\/\/www.eamau.org\/index.php?rest_route=\/wp\/v2\/pages\/64\/revisions"}],"predecessor-version":[{"id":1454,"href":"https:\/\/www.eamau.org\/index.php?rest_route=\/wp\/v2\/pages\/64\/revisions\/1454"}],"wp:attachment":[{"href":"https:\/\/www.eamau.org\/index.php?rest_route=%2Fwp%2Fv2%2Fmedia&parent=64"}],"curies":[{"name":"wp","href":"https:\/\/api.w.org\/{rel}","templated":true}]}}